 and q.
11
Let r = 3 + 0. Suppose -4*l - y = -421, -l - 5*y = r*l - 441. Suppose -4*k + q + l = -114, -q = -2. What is the highest common divisor of k and 5?
5
Let z be ((-34)/12 - -3) + 3421/66. What is the greatest common factor of z and 52?
52
Let p = -436 + 456. Calculate the greatest common divisor of p and 50.
10
Suppose -d = -6*d - 10. Let w(t) = 13*t**2 + 6*t - 1. Let v be w(d). Calculate the greatest common factor of 429 and v.
39
Let g = -143 + 152. Let p be 947/g - (-10)/(-45). Calculate the highest common divisor of p and 35.
35
Let a = 3 - 11. Let h be a/36 + 104/(-18). Let g be (0 - h/(-3)) + 30. Calculate the highest common divisor of 7 and g.
7
Let i be -2*129/(-8) - 1/4. Let z(r) = r**3 + 12*r**2 + 11*r - 8. Let l be z(-8). Calculate the greatest common factor of i and l.
32
Let k = 164 + -56. Let f = -19 + 23. Suppose -x = m - 8, -f*m - 3*x + 6*x + 60 = 0. What is the greatest common divisor of m and k?
12
Let m(t) = 5*t - 4. Let i be m(-3). Let c(d) = -3*d - 52. Let o be c(i). What is the highest common divisor of o and 55?
5
Suppose s + 5*a = -67, -245 = 3*s + s - 3*a. Let j = -50 - s. Calculate the highest common divisor of j and 228.
12
Let q be (-88*15/(-80))/(6/56). Calculate the highest common factor of q and 110.
22
Let f = -119 + 135. Suppose -3*a + 8*a - 880 = 0. Calculate the greatest common divisor of a and f.
16
Let a be (-136)/17 + 368/4. Calculate the highest common factor of a and 56.
28
Suppose 33*z - 30*z = 2*y + 296, 4*z + 5*y - 364 = 0. Calculate the highest common factor of 156 and z.
12
Suppose 6*d - 126 = 54. Let g be 9/36 + 23/4. What is the highest common factor of g and d?
6
Let j(m) = 4*m + 8. Let v be j(-2). Suppose v = 3*x + 4*l - 31 - 91, 0 = 4*x + 5*l - 162. What is the highest common factor of 95 and x?
19
Let q(r) = -6*r + 31. Let b = 55 + -50. Let s be q(b). What is the greatest common factor of 11 and s?
1
Suppose -13*p - 8*p + 26544 = 0. Calculate the greatest common divisor of p and 16.
16
Let g = -24 + 31. Let j be (10/25)/((-4)/(-10)). What is the highest common factor of j and g?
1
Suppose -9*g + 664 = -g. Suppose 10*s = g + 127. Calculate the highest common divisor of 35 and s.
7
Let r be (5/(-6))/(15/(-90)). Let o(g) = -6*g + g**2 + 4*g + 5*g**2 + g**3 - r. Let i be o(-6). Calculate the highest common divisor of 7 and i.
7
Let d = 1692 - 680. Suppose 3*p - 5*p = d. Let y be p/(-12) - 9/54. Calculate the highest common divisor of 63 and y.
21
Suppose -37 = -3*r + 3*f + 26, 5*f = -5*r + 135. Let h = r + -18. What is the greatest common divisor of 21 and h?
3
Let s be 6 - (-22)/33*3225. Calculate the greatest common divisor of s and 44.
44
Let y = 2095 - 1809. Calculate the highest common factor of 242 and y.
22
Suppose 10*k - 25*k = -180. Calculate the highest common factor of k and 18.
6
Let r(j) = -j**3 + j**2 - j + 3. Let q be r(0). Suppose -q*m + 27 = -0. Calculate the highest common factor of m and 36.
9
Let j = -152 - -242. Suppose t + 153 = 5*f - 3*t, 3*t = 3*f - j. Suppose -4*q + 47 = 3. What is the greatest common factor of q and f?
11
Let y(h) = 2*h**2 + 4*h + 6. Let i be y(-5). Suppose x - 35 = -5*n + i, 3*x - 18 = -2*n. Calculate the highest common factor of 15 and n.
15
Let x(v) = -61*v + 1. Let k be x(-1). Let o = k - 6. Calculate the greatest common divisor of 14 and o.
14
Let p be ((-18)/(-45))/((-2)/(-160)). Suppose -85 = -k + p. Calculate the greatest common divisor of k and 13.
13
Let f(w) = w**3 + 10*w**2 + 6*w - 13. Let c = -7 - 2. Let v be f(c). Calculate the greatest common divisor of 2 and v.
2
Suppose -44*n + 1612 = -324. Calculate the highest common factor of n and 12.
4
Suppose -44 - 4 = -8*t. Let g be (t/(-18))/(2/(-120)). Let u(o) = -o**2 - 15*o - 4. Let p be u(-6). Calculate the greatest common divisor of p and g.
10
Let q = -600 + 800. Calculate the highest common factor of q and 140.
20
Let g(o) = 4*o**2 + 3*o - 4. Let j be g(3). Let u = -25 + j. Calculate the highest common factor of u and 64.
16
Let p = -30 - -17. Let s = 16 + p. Suppose -5*w = 5*k - 705, -s*k - 2*k + 714 = 2*w. Calculate the greatest common factor of 18 and k.
18
Suppose -17*h + 47 = -38. Suppose -4*u = h*k - 95, -5*u - 3*k = -2 - 107. What is the greatest common factor of 110 and u?
10
Suppose 3*a - 47 = 2*a - 2*k, -a = 4*k - 57. Let p = 62 - a. What is the greatest common factor of p and 10?
5
Let c = -13 + 5. Let l(f) = f**2 + 6*f + 29. Let x be l(c). Calculate the greatest common factor of 60 and x.
15
Suppose -3*d + y - 4*y + 1515 = 0, -3*d = 2*y - 1517. Calculate the greatest common divisor of d and 39.
39
Let t = 2 + 6. Suppose 2*g = 2*u + t, -2*u - 3*u = -g. Let x(y) = y**2 - 3*y - 4. Let p be x(g). Calculate the greatest common divisor of p and 18.
6
Let d(v) = -2*v**2 + v + 250. Let l be d(0). What is the highest common factor of l and 10?
10
Let h = -128 - -151. Let q = -15 - -47. Let r = q - 9. Calculate the highest common divisor of r and h.
23
Let m be 329/21 + (-1)/(-3). Suppose 3*v + 1137 = b + b, -2*b = 0. Let h = -267 - v. What is the greatest common divisor of m and h?
16
Let m = -137 - -222. What is the greatest common factor of m and 10?
5
Let t = -1046 - -1109. What is the greatest common factor of 378 and t?
63
Let n = 1465 + -1459. What is the highest common factor of 3 and n?
3
Let i = 1181 - 119. What is the greatest common factor of i and 236?
118
Let b = 101 + -176. Let y = -43 - b. What is the highest common factor of y and 4?
4
Suppose 8*i - i - 35 = 0. Let l be ((-2)/i)/(2/(-10)). Calculate the highest common divisor of l and 4.
2
Let s = 0 + 2. Let c = 29 + -27. Suppose -2*z + 5*z = s*u - 59, -c*u - z = -39. Calculate the highest common factor of 11 and u.
11
Let i be (3 - 2) + 0 + 1. Suppose -3*b = i*b - 650. Let z = b - 40. Calculate the greatest common factor of 10 and z.
10
Suppose 8*s = -31 + 7. Let u(c) = 4*c**2 + 7*c + 6. Let y be u(s). Calculate the highest common factor of 147 and y.
21
Let a = -158 - -241. Let z = a + -59. What is the highest common factor of 48 and z?
24
Suppose 4*f + 60 + 232 = 0. Suppose 0*z + 3*z = 4*m - 25, 0 = z + 3. Let l = m - f. What is the greatest common divisor of l and 11?
11
Suppose 2*n - 4500 = 3*l, 6*l - 2*l - 2272 = -n. Calculate the greatest common factor of 16 and n.
16
Suppose 3*v - 77 = -32. Calculate the greatest common factor of v and 45.
15
Let k = 10539 - 7371. Calculate the greatest common divisor of k and 16.
16
Let x = -16 + 29. Let v(n) = -3*n + 24. Let j be v(-5). What is the greatest common factor of j and x?
13
Let l(g) = g**2 - g + 21. Let d be l(0). Suppose w + 3*f - d = 4*f, 0 = -4*w + 5*f + 85. Calculate the highest common factor of w and 10.
10
Let q be -4*(-1 + -11)*(-11)/(-4). What is the greatest common factor of q and 88?
44
Suppose -i = -t + 4*i - 53, 4*t = i - 174. Let c = 63 + t. Calculate the greatest common factor of c and 60.
20
Let l(b) = -b - 1. Let a be l(-4). Suppose 4*y - 24 = -0*y - 5*u, -5*y + 4*u = -30. Let x be 6*2*(7 - y). Calculate the highest common divisor of a and x.
3
Suppose -2*r - 17 = 49. Let d be 2/12 - r/18. Suppose 0 = 4*k + d*z - 26, -3*z + z = -2. Calculate the greatest common factor of k and 48.
6
Let d = -584 + 614. What is the highest common divisor of 195 and d?
15
Let r be (6 - 0)*5*7/70. Suppose -19 = 4*q + o, q = 2*o + 3*o - 10. Let g be (-4 - q)/((-1)/(-6)). Calculate the highest common factor of r and g.
3
Let n = 80 - 40. Suppose -5*q = -130 - 370. Calculate the highest common factor of n and q.
20
Let m be (32/5)/(2/10). Let w = 9678 + -9674. What is the highest common factor of m and w?
4
Suppose s - 1798 - 1147 = 0. What is the highest common divisor of 95 and s?
95
Let y be (66 + -11)/(7/14). Calculate the highest common factor of 44 and y.
22
Let s(d) = -54*d**2 + 1. Let t be s(-1). Let p = -28 - t. Calculate the greatest common factor of p and 175.
25
Let r(q) = -6*q + 58. Let p be r(-23). What is the highest common divisor of 28 and p?
28
Let z be (-11 - -32)*(-35)/(-3). Calculate the greatest common divisor of 70 and z.
35
Let q(y) be the third derivative of -y**4/24 + 4*y**3/3 + 17*y**2. Let s = 3 + -3. Let n be q(s). What is the greatest common divisor of n and 56?
8
Suppose 5*f + 0*f + 55 = 0. Let y be (2 - 1)/((-11)/f). Suppose 4*c 